 Let i(l) = -3*l**3 - 20*l**2 - 43*l - 9. Let p be i(-4). Calculate the greatest common divisor of s and p.
35
Let p be 3 - 4 - 6 - 10*-1546. Calculate the highest common factor of p and 153.
153
Let i(j) = -12*j**3 + 5*j**2 + 4*j - 3. Let b be i(-2). Let d = -103 + b. Calculate the highest common divisor of 1 and d.
1
Suppose 2*t = 3*d - 43, 10*t = -4*d + 7*t + 63. Let q be d/(360/16)*891/6. What is the highest common factor of q and 11?
11
Suppose 18*t - 16*t - 2*s = 156, 4*s = -2*t + 150. What is the highest common divisor of 112 and t?
7
Let d(q) = q**3 - 17*q**2 - q + 35. Let n be d(17). Suppose 0*z - 2*z = -n. Suppose 0 = -z*k - k + 60. Calculate the greatest common factor of k and 42.
6
Suppose -3 = i - 8. Suppose -5*m - 25 = 0, 0*g + 19 = g - i*m. Let q be (0 + (-2)/g)*6. Calculate the greatest common divisor of q and 2.
2
Let i be 0*(-4)/(-4) - (2 + 177). Let q = -113 - i. Suppose 11*h = 10*h + q. What is the greatest common factor of 22 and h?
22
Let o = 697 + 811. What is the greatest common factor of 364 and o?
52
Let x = -1404 + 1584. What is the greatest common divisor of x and 25?
5
Let c = -8 - -12. Let u(y) = -y**2 + 2*y + 28. Suppose 0 = 3*w - 2*w. Let o be u(w). What is the greatest common divisor of c and o?
4
Let b(t) = 653*t + 651. Let d be b(3). What is the highest common factor of d and 7250?
290
Let z be 6 - 4 - 2/(-2)*-4. Let n be -3 + 5 + (-14)/z. Suppose n*o + 25 = 565. What is the highest common divisor of o and 15?
15
Let r = 6208 + -6192. What is the greatest common divisor of 44 and r?
4
Let p be (1200/(-140))/((-4)/70). Suppose -3*o = o, 5*l = -o + p. Let v be (190/l)/(2/60). What is the greatest common factor of 38 and v?
38
Suppose -4*c + 30 = 10, 2*l - 208 = -4*c. Suppose 3*w - 162*t = -167*t + 4245, -3*w + 4239 = 3*t. Calculate the highest common factor of l and w.
94
Let v(d) = 69*d**2 - 38*d + 157. Let a be v(9). Calculate the highest common factor of a and 28.
28
Suppose -22*j = -3577 - 647. Calculate the greatest common factor of 2592 and j.
96
Suppose 11636 = 5*o + 2921. Let d be (3/(-4))/((-12)/336). What is the greatest common factor of d and o?
21
Let n = 30720 + -29397. What is the highest common divisor of n and 2352?
147
Let v(i) = -4*i + 28. Let y be v(5). Suppose 2*l + g + 6 = 5*g, 2*g - y = 0. Let j(p) = 3*p + 12. Let c be j(l). What is the greatest common factor of c and 3?
3
Let r(v) = -v**3 + 11*v**2 - 21*v + 14. Let s = 31 + -24. Let o be r(s). What is the greatest common divisor of o and 36?
9
Suppose -8*w + 3*w + 1650 = -5*g, 0 = -2*g + 4. Calculate the greatest common divisor of 4 and w.
4
Let l be (-20)/(-160) + (-46)/32*-82. Suppose -4*y - 2 = -2*y, 0 = -a - 2*y + l. What is the highest common divisor of a and 96?
24
Suppose -28 = -t - t. Let i(d) = -d**2 - 10*d + 44. Let k be i(-13). Suppose -13*g + 2268 = k*g. Calculate the highest common factor of t and g.
14
Let b = -12 - -35. Let j = -37 - -38. Let c(u) = 91*u**3 + 2*u**2 + u - 2. Let f be c(j). Calculate the greatest common factor of f and b.
23
Let r be (-6 + 35)/(-3*4/(-12)). Suppose -r*l = -8*l - 525. What is the greatest common divisor of l and 975?
25
Suppose -11*f = -17*f + 12. Let x be 272 + f + (0 - -2). What is the greatest common factor of 12 and x?
12
Let z be -4 - 0 - -5 - 0. Let b be (-14)/77 + ((-46)/(-11) - z). Suppose -c = -4*c + 4*f + 22, b*c + 5*f = 13. What is the highest common divisor of c and 12?
6
Let l = 236 - 146. Let t be (2/3)/(7/504). Let c = t - 30. Calculate the greatest common factor of l and c.
18
Suppose 9*w - 10*w - 4 = 0. Let d be w*(0 - (-122)/(-8)). What is the highest common divisor of 366 and d?
61
Let l be -4 + (-1 - -4) + 260 + -28. What is the highest common divisor of l and 189?
21
Let o(y) = 23*y**2 + 94*y - 157. Let a be o(-7). What is the greatest common divisor of 1781 and a?
13
Let d be 12/(-2) - 5*5142/(-30). What is the highest common factor of 92 and d?
23
Suppose -5 = 3*l - 4*o, 4*l - 35 = -4*o + o. Suppose 2*d + 184 = i, -l*d + 395 = i + i. Calculate the greatest common divisor of i and 76.
38
Let j be (-58)/(-2)*21*(-80)/(-112). Let y = 31 - 16. What is the highest common factor of j and y?
15
Let k be 4/5 - 2436/(-105). Let d(y) = 17*y - 201. Let u be d(k). What is the greatest common divisor of u and 9?
9
Suppose -5*s + 4*s = 4*b + 838, 5*s = 4*b + 850. Let h = -191 - b. What is the greatest common divisor of h and 38?
19
Let k be 4/((-40)/65)*-3*(-152)/(-57). Calculate the highest common factor of 424 and k.
4
Let x(z) = -z**3 - 41*z**2 + 31*z - 133. Let l be x(-43). Calculate the highest common factor of 144 and l.
72
Let h be 17964/7 + (-175)/(-245). Calculate the greatest common factor of h and 85.
17
Let z(q) = -q**3 + 9*q**2 + 295*q + 121. Let g be z(-13). Calculate the greatest common divisor of g and 73.
1
Let o be (1 - (9 - 9))*0. Suppose -2*k + 19*k - 884 = o. What is the highest common divisor of 416 and k?
52
Let m be 793/15 + 10/75. Let j = m - 17. Suppose 0 = -3*y, j = 4*d - 3*y - 24. What is the greatest common divisor of d and 105?
15
Let m be (15/(-6))/(670/(-756564)). What is the highest common divisor of m and 3?
3
Let o(c) = c**2 + 5*c - 30. Let t be o(-7). Let d be (16/t)/((-1)/77). What is the greatest common factor of 22 and d?
11
Let a be (5/1*63)/1. Suppose -2*b + 145 = 5*s, b + 638 = -5*s + 738. What is the greatest common factor of b and a?
45
Let d(q) = 128*q - 6. Let u be d(4). Let n(h) = -h**3 + 18*h**2 + 4*h - 26. Let x = 77 + -59. Let v be n(x). What is the highest common factor of v and u?
46
Suppose 2*c - r - 1 = 4, -10 = 2*c - 4*r. Suppose 0 = -5*s - 11*s + 6176. Let q = s - 371. What is the highest common divisor of c and q?
5
Let u be 8/((-80)/6) - (-36)/10. Let g be 27 - ((u - 4) + 1). Calculate the highest common factor of 243 and g.
27
Let y(s) = -s**3 + 11*s**2 + 8*s - 16. Let u be y(9). Let k be u + (-12)/(-30)*5. What is the highest common factor of k and 44?
44
Suppose -y = 3*k - 202, 2*k - 3*k + 54 = -3*y. Let o = k + -75. Let p = o - -94. Calculate the highest common factor of 34 and p.
17
Let n(q) = 2*q**3 - q + 2*q**2 + 16*q**2 + 0*q**2 + 7*q. Let v be n(-8). What is the highest common divisor of 20 and v?
20
Let u = -135 - -61. Suppose 144*j - 139*j = 1245. Let b = u + j. What is the highest common divisor of 25 and b?
25
Let w be -2 - (-1267 - (-1 + 11)). Calculate the greatest common divisor of w and 150.
75
Let r be ((-6)/1)/((-3)/(-2)). Let y be -2*(-180)/((-4)/r). Let t(g) = -73*g - 106. Let o be t(-2). What is the greatest common divisor of y and o?
40
Let b(s) = 64*s - 5237. Let t be b(83). What is the highest common factor of t and 4245?
15
Let d(k) = 6*k + 594. Let r be d(-53). Calculate the greatest common factor of r and 759.
69
Let q = 7333 + -7284. What is the highest common factor of q and 5243?
49
Let i be -1*(-5)/((-40)/32). Let m be i/(-16)*2*2*148. Calculate the greatest common divisor of m and 185.
37
Let w = -9 + 15. Suppose z = -2*b + 4*z + 22, 3*z - 13 = -5*b. Suppose 0 = b*l - 106 - 14. Calculate the highest common divisor of l and w.
6
Let a be 75/3 + -1 + -7. Suppose -a*t = -7*t - 2520. What is the greatest common factor of 56 and t?
28
Suppose 0 = -f - 2*i + 260, 5*i + 217 = 5*f - 1023. What is the greatest common divisor of f and 2436?
84
Let x(a) = -3*a**3 - 2*a**2 + 8*a + 3. Let h be x(-2). Let o = -1 - -1. Suppose -g + 13 - 4 = o. What is the greatest common factor of g and h?
3
Suppose -2*j - 9*q = -4*q - 265, -4*q + 688 = 5*j. What is the highest common factor of j and 196?
28
Let w be (-8)/(120/(-135)) + 233. Calculate the greatest common divisor of 3267 and w.
121
Suppose 0 = 35*g + 4543 - 53473. Suppose 0 = 20*n + g - 8438. What is the greatest common factor of n and 22?
22
Let d(c) = c**3 + 29*c**2 - 12*c + 582. Let l be d(-30). Calculate the highest common factor of 1113 and l.
21
Suppose 0 = -4*f + 3*y - y + 40, 2*f - 5*y = 36. Let t be -14 - (-4)/((-60)/(-375)). What is the greatest common divisor of f and t?
1
Let f(n) = -393*n**2 - 4*n - 11 + 4 + 200*n**2 - 3 + 195*n**2. Suppose -33 + 5 = -4*b. Let l be f(b). Calculate the highest common factor of l and 24.
12
Let i = 175 + -159. What is the highest common factor of 312 and i?
8
Suppose -16 = -6*i + 14. Suppose 0 = -i*h - 5, -7*h 